) be the second derivative of a**4/6 - 5*a**3/6 + 2*a**2 - 108*a. Is c(m) prime?
False
Suppose -4*x = 4*q - 225 + 41, 0 = -5*q - x + 214. Suppose q*l + 51702 = 56*l. Is l a prime number?
False
Let w(p) = 10669*p**3 - 8*p**2 + 16*p - 16. Is w(3) composite?
False
Let c(z) = -11*z + 19 + z**2 + 6*z - 2*z**2 - 9*z. Suppose g = 6*g + 30. Is c(g) prime?
True
Let t = 43520 + -15757. Suppose 6*u = 37043 + t. Is u composite?
True
Suppose -8*l + 338564 = 11*l - 2350943. Is l prime?
False
Suppose -7*o = 3*o - 40. Let c be ((-200)/125)/(o/(-10)). Suppose -3 = -2*v + 3, 2164 = c*f + 4*v. Is f a composite number?
True
Suppose 11*i + 80 = 31*i. Suppose -i*j - 3*g + 5429 = 0, 4058 = -0*j + 3*j + 5*g. Is j prime?
True
Suppose -6*z = 12*z + 43470. Let u = z - -4262. Is u prime?
True
Let c = -43822 - 25980. Is c/17*(6/(-4) - -1) prime?
True
Is (-20)/(2040/(-33210707)) + 3/(-18) composite?
True
Let y(v) = -v - 13. Let t be y(-15). Suppose 7*w - 4*w = f + 469, 0 = -3*f - t*w - 1462. Let z = f - -1831. Is z a prime number?
False
Suppose 16*q = -2*q + 176256. Let x = q - 4775. Is x prime?
False
Let b(a) = -a**2 - 4*a + 6. Suppose 5*d + 10 = 3*d. Let h be b(d). Is (3 - 7) + h + 86 a composite number?
False
Let x(y) = -y**2 + 16*y - 28. Let j be x(2). Suppose j = -527*s + 520*s + 37079. Is s prime?
True
Is 2336 - ((-15)/(-5) + (-3 - -3)) composite?
False
Suppose -8*x + 880 = -4*x. Suppose -3*d + 143 = -x. Suppose 4*o = 2*o - 3*b + d, -o = -4*b - 33. Is o a composite number?
False
Suppose 0 = 2*z - 253 - 965. Let s = z - -64. Is s a composite number?
False
Suppose -2*h = 2*i - 7*h - 335044, -5*i + 837673 = -2*h. Is i composite?
False
Suppose -2*x + 4*b = -111168, -5*b - 12188 = 4*x - 234459. Suppose -5*p = -4*k + 55554, -7*k + 3*k + x = 5*p. Is k a prime number?
False
Let r be 1*(-2)/13 + 111/(-39). Let k be (52 + r)*3/6*2. Suppose 4*o = 75 + k. Is o composite?
False
Let j = -23 - -19. Let q(n) = -n**3 - 5*n**2 - 2*n. Let p be q(j). Is 3365/5 + p/(-2) a prime number?
True
Suppose 0 = 2*l - 3*l + 179. Suppose -4*b = -3*y - l, -2*b + 5*y + 92 = 13. Is b composite?
False
Let z = 123 + -119. Suppose -14084 = -z*t + 3*l, -t - 5*l + 3528 = -4*l. Suppose t + 4404 = 8*f. Is f composite?
False
Let j = 94734 - 16827. Is j a prime number?
False
Suppose 0 = -0*l + 15*l + 13*l - 793772. Is l prime?
True
Let b be 5 - 4535/5 - -3. Let h = -102 - b. Is h a prime number?
True
Suppose -u - 5994 = -386. Let v = 8859 + u. Is v a prime number?
True
Suppose -4*b = 5*f - 148, 21 + 5 = f - b. Suppose -5*m - 143589 = -f*m. Is m prime?
False
Suppose 12*z + r - 141350 = 8*z, z = -2*r + 35327. Is z a composite number?
False
Let p = -555 + 567. Suppose -5*k - 6*l + 12239 = -7*l, 3*l + p = 0. Is k a prime number?
True
Let k be (4 + (-11322)/(-12))*104/10. Suppose -2*c = 7*s - 2*s - k, -5*s = 4*c - 19688. Suppose -4*z + 5*n + 9839 = 2*n, n - c = -2*z. Is z prime?
True
Is (-190)/(-25)*(-14427)/(-2) + (-4)/(-10) composite?
True
Suppose 0 = -5*h + 2*h + 21. Suppose -v + 17 + h = 2*x, -3*v = 4*x - 64. Suppose -157 = -17*o + v*o. Is o composite?
False
Suppose -198*a + 153656842 = 116*a. Is a a composite number?
True
Suppose -4*v - 5*y + 63 = 262, 3*v = -3*y - 147. Let s = 111 - v. Is s composite?
False
Let x(p) = 198*p**2 - 134*p + 2341. Is x(15) composite?
True
Let u = 144433 - 44059. Suppose 0 = -272*r + 278*r - u. Is r a composite number?
False
Suppose b + 1 = 3, -4*b = -5*y + 179617. Let r be (-1)/(4 + y/(-8982)). Let p = -1907 - r. Is p composite?
False
Let u(o) = 102*o**3 - 11*o**2 + 62*o + 5. Is u(8) a prime number?
True
Let h(y) = 5*y**3 - 14*y**2 - 32*y - 5. Let q be h(-16). Let a = -13250 - q. Is a a composite number?
True
Suppose 14*o - 6*o - 1184 = 0. Suppose 142*u = o*u - 12426. Is u a prime number?
False
Let g = 2167 + 8108. Suppose 0*u - 2*z + 2069 = u, -5*u + 4*z + g = 0. Is u a prime number?
False
Suppose 128 = -7*w - 9*w. Is 5742 - 10/w*-4 composite?
False
Let b = 120772 - -332385. Is b a prime number?
True
Is 630 + -637 + ((-32)/3)/((-4)/268428) a composite number?
False
Let m = -304 - -307. Suppose 4*h = -5*a + 20818, m*h - 5*a - 5871 - 9760 = 0. Is h prime?
False
Let k = -10 - -14. Suppose -j - 3 = -k*j. Suppose -j + 4 = 3*w, 3*w = 3*r - 4410. Is r a prime number?
True
Let u(o) = -14*o - 7. Let i be (-18)/(-27) + 4/(-6). Let p = i - 9. Is u(p) composite?
True
Let p = 4074 + -6038. Let o = 6133 + p. Is o a composite number?
True
Is (1411368/(-72) + 2/(-3))*-1 prime?
True
Let w be (-2 - -95)*1 + 2 + -5. Suppose -4*o - 5*z = -43, 2*o + z + w = 7*o. Let j = o - -2. Is j composite?
False
Suppose 5*n - 25 = 5*u, -4 = -3*u + 2*u. Let j be (-3)/n + (-4)/6 - -458. Is 6/(916/j - 2) a prime number?
False
Let w(k) = -k**3 + 27*k**2 + 56*k + 60. Let c be w(29). Is (-2)/c*(-5601 + -22) a composite number?
False
Let r be 568/497*7/2. Suppose 890 = 5*c + 18*d - 19*d, -4*d = r*c - 688. Is c a prime number?
False
Let m be 0/(9/(18/4)) - 5250. Let u = 7409 + m. Is u a prime number?
False
Is -6 - ((2 - 157147) + (-312)/(-26)) a prime number?
True
Suppose 3*w - 524*s + 519*s - 130346 = 0, 4*w - 3*s - 173791 = 0. Is w composite?
True
Let i = -300637 + 600930. Is i a composite number?
True
Suppose k - 57998 = 2*z + 10629, 4*k - 274487 = z. Is k prime?
False
Suppose -10*f - 6*f + 48 = 0. Suppose -71109 = f*g - 12*g. Is g composite?
False
Suppose 3*x - 5*x + 4*t = -5906, -5*x + 14700 = 3*t. Let f = x + -1184. Is f a prime number?
True
Let v = -26 - -20. Let b be v/(12*-1)*6632/1. Suppose -2*z = -2*q + b, 5*q = z - 0*z + 8278. Is q prime?
False
Let m(o) = -1355*o - 313. Let p(s) = -s + 2. Let c(r) = m(r) + 4*p(r). Is c(-28) composite?
False
Suppose 4*z = -w + 1788698, 2*z - 127*w + 123*w - 894322 = 0. Is z a prime number?
True
Is (22/22)/((-4)/(-648836)) prime?
True
Let q be 732/(-14) - 2 - (-6)/21. Let g be (q/(-12))/(6/8). Is (-4)/(-12) + 6256/g a composite number?
True
Suppose -r = -5*h - 220607, 0 = 2*r + 2*h - 429053 - 12089. Is r composite?
True
Let q(y) = -2*y**3 - 3*y**2 - 4*y - 5. Let s be ((-3)/(-5))/((-1)/(-5))*1. Let p(t) = -t**2 + 2*t. Let n be p(s). Is q(n) composite?
True
Let r(d) be the third derivative of 3*d**5/20 - d**4/6 - 3*d**3/2 + 3*d**2 + 15*d. Is r(26) composite?
True
Let n = 771 - 438. Is -8 - n/(-2)*10 a prime number?
True
Suppose -14*y + 79299 + 109043 = 0. Is y prime?
False
Suppose 4*t = -720 - 544. Let w = 677 + t. Let p = 996 - w. Is p a prime number?
False
Let c(x) = -x + 1. Let j be c(1). Suppose 4*i + 5*i + 18 = j. Is 27 + (10/(-30))/(i/(-24)) a prime number?
True
Suppose f - 11452 = -3*f - 4*q, 4 = -4*q. Let c = -1547 + f. Is c a composite number?
True
Let o(a) = -a**2 + 10*a - 19. Let p be o(6). Suppose p + 9 = 2*b. Suppose b*v = 6*v + 321. Is v prime?
False
Let t = 231805 + -127238. Is t composite?
True
Suppose -58*a - 435270 = -146*a + 58*a. Is a composite?
True
Let m(u) = -u**2 + 16*u - 61. Let b be m(8). Suppose b*y - 6 = 0, 54945 = a - 9*y + 14*y. Is a a composite number?
True
Let o = -2 + 6. Suppose 24 = o*f - 4*b, 3*f - 4*b = -2*f + 26. Let u(x) = 158*x**3 - 2*x + 1. Is u(f) prime?
False
Let w = -28 - -83. Let d = w + -55. Suppose d*f = 7*f - 385. Is f a composite number?
True
Let y = -253 - -361. Suppose -3*o + 2*g + 30247 = 0, 112*g = -3*o + y*g + 30217. Is o a prime number?
True
Suppose 0 = -5*n + d + 11 + 20, -12 = -3*d. Suppose -n*c = 5*c - 102252. Is c prime?
True
Let t = -60 - -278. Let n = t - -156. Suppose 10*b - 8*b - n = 0. Is b composite?
True
Let n = -45728 + 30259. Let p = -7652 - n. Is p a prime number?
True
Suppose 17*p = 15*p + 18. Suppose 9 = 9*a + p. Suppose 9*o - 18059 + 2210 = a. Is o a composite number?
True
Suppose -1178*o = -1278*o + 39935300. Is o a prime number?
True
Let c(r) = 8*r**2 - 38*r + 225. Is c(39) a prime number?
False
Suppose 754572 = 63*y - 7587447. Is y a prime number?
False
Let t(w) = -3994*w + 6091. Is t(-12) composite?
True
Let r(z) = -6*z - 19. Let v be r(-4). Suppose -7*i = -v*i + 5*w - 3661, i = -w + 1826. Is i a composite number?
False
Let s(j) = -1 + 7*j + 3 + 4 + 3*j**2. Suppose -2*q + 2*o = -12, 23*q + 2*o - 44 = 18*q. Is s(q) a composite number?
True
Suppose l + w = 7217, -7217 = -30*l + 29*l + 2*w. Is l composite?
True
Suppose -4*y + p - 489 = -2*p, -3*y - 3*p = 393. Let l = y + 145. Is l a composite number?
Fal